
Let z = 63 - 58. Suppose -3*n + 134 = -n - 2*r, z*n + 2*r - 335 = 0. What is the tens digit of n?
6
Suppose 588*j = 634*j + 307235 - 894057. What is the units digit of j?
7
Let k = -305 + 313. What is the tens digit of (k - 95/10) + (-161)/(-2)?
7
Let x = 6887 - -7980. What is the hundreds digit of x?
8
Suppose -2*b = 5*z + 2*b - 41, 4*z = -3*b + 33. Suppose 2*l - z = -11. What is the units digit of (-2)/(l*2/87)?
7
Let k(v) = -v**3 + 35*v**2 - 8*v + 55. What is the hundreds digit of k(11)?
8
Let q(j) = 6*j**2 - 15*j - 2. Let n be q(5). Let y = 54 + n. What is the hundreds digit of y?
1
Let j(v) = -95*v - 86. Let u be j(-14). Suppose -631 = -5*i + 2*z + 910, 4*z - u = -4*i. What is the hundreds digit of i?
3
Let c = 17666 + -10842. What is the tens digit of c?
2
Suppose 398 = -9*x - 205. Suppose -334 = -5*w + 591. Let j = w + x. What is the tens digit of j?
1
Let l = 5 - 8. Let o(i) = 12*i**3 + 2*i**2 - 13*i + 8. Let a(k) = -4*k**3 - k**2 + 4*k - 3. Let p(g) = 7*a(g) + 2*o(g). What is the units digit of p(l)?
0
Let m = 50859 - 31221. What is the tens digit of m?
3
Suppose 21*k - 3429 = 60852. What is the tens digit of k?
6
Let x(i) be the second derivative of -3*i**5/20 - i**4/3 - i**3/6 + i**2 + i. Let j be x(-2). What is the units digit of (21/j)/((-2)/(-32))?
8
Let h(u) = -28*u - 76. Suppose -19 + 79 = -4*a. What is the tens digit of h(a)?
4
What is the tens digit of 27989 + (70/(-63)*-9)/1?
9
Let j(w) = 938*w**2 + 448*w - 888. What is the thousands digit of j(2)?
3
Let n = -152 + 294. Suppose 2*g - 4*l = 372, -2*l = g - n - 60. What is the units digit of g?
4
Let o = 55066 - 16668. What is the hundreds digit of o?
3
Let h be (-1155)/(-14)*(-3)/10*-44. Suppose 0*l + 3*l = 4*k + h, -5*k + 15 = 0. What is the tens digit of l?
6
Let t = -8373 + 11134. What is the tens digit of t?
6
Let m be 315/28 - 8 - (-1)/(-4). Suppose -2*f = -2*v - 670 - 1364, m*f - 5*v = 3055. What is the tens digit of f?
1
Let v(i) = 152 - i - 5*i + 112 + 7. Let x be v(0). Suppose -4*k = 59 - x. What is the tens digit of k?
5
Suppose -c = -5*y - 642, -3*c + 123 = -y - c. Let w = 239 + y. Suppose 3*x = x + w. What is the tens digit of x?
5
Let b be (32/(-24)*-6)/(-2). What is the tens digit of (4 + 5 + b)*(-407)/(-5)?
0
Let g be (-504)/14 - (4 - 0). What is the hundreds digit of ((-3)/(15/g))/(6/153)?
2
Suppose 0*t - 4*t - 408 = 4*d, 0 = -2*t + 4. Let k be 15/10*(2 - d). Suppose o = -5*i + 278, 3*i - o - o = k. What is the units digit of i?
5
Let y(t) = -4*t**3 + 27*t**2 + 111*t - 14. What is the ten thousands digit of y(-16)?
2
Let u = -491 + -449. Let w = -653 - u. What is the hundreds digit of w?
2
Let d(h) = h**3 + 15*h**2 - 17*h - 5. Let w be d(-16). Suppose 4*b = w*b - 287. Let i = b + -5. What is the tens digit of i?
3
Let p be 3768/9 + 1/3. Let l = -3324 - -3091. Let w = p + l. What is the units digit of w?
6
Let b(p) = 103*p - 323. Let m be b(12). Suppose -l - 2*l + 300 = i, -3*i = -4*l - m. What is the tens digit of i?
0
Let p(j) = 27*j**2 + 13*j - 144. Let r be p(7). What is the hundreds digit of (r/4*(-392)/70)/(-2)?
8
Suppose i - 4*i = -2*g + 12, -g + i + 5 = 0. Suppose 167 = -g*z + 1061. What is the hundreds digit of z?
2
Let n(j) = -249*j + 160. Let p be n(7). Let l = -946 - p. What is the tens digit of l?
3
Let m = 676 + -744. Suppose 80 - 20 = -y. Let n = y - m. What is the units digit of n?
8
Let i(s) = 11*s + 170. Let m be -16 + 3 - -3 - (3 - 6). Let q(d) = 6*d + 85. Let j(h) = m*q(h) + 4*i(h). What is the tens digit of j(0)?
8
Suppose -190 = -o - d, 4*o - 3*d = d + 744. Suppose t = -2*m - o + 959, -4*m - t = -1539. What is the units digit of m?
4
Suppose 4*k + 2*v + 1562 = -2808, 2*k = -4*v - 2200. Let d = k + 1546. Suppose -2*z + 7*z = -2*x + d, -x = 5*z - 453. What is the tens digit of z?
9
Let n = -7 - -14. Suppose -n*l - 4*o + 2048 = -3*l, 3*o - 6 = 0. What is the units digit of l?
0
Let q(w) = -w**2 + 2*w - 404. Let v be q(0). Let l = -118 - v. What is the tens digit of l?
8
Let h be (-2*(-4)/8)/(2/6). Suppose 179 + 613 = -h*p. Let o = p - -394. What is the hundreds digit of o?
1
Let p(g) = -g**3 + 64*g**2 + 642*g + 142. What is the tens digit of p(67)?
8
What is the hundreds digit of 1*-42092*3/(-6)?
0
Let d = 74 - 75. Let j be (2 - 1) + (d - 3) + 2. What is the units digit of 1 - (-56 + 0 + j + 0)?
8
Let p(o) = 10*o**2 - 52*o + 76. What is the thousands digit of p(38)?
2
Let a(p) = -6*p + 17. Let x be a(16). Let n = x - -81. Suppose -n*b + 29 = -1. What is the tens digit of b?
1
Suppose 25 = 9*g - 2. Suppose g*h - 900 = -3*b, 2*h + 2*b = -2*b + 592. What is the tens digit of h?
0
Suppose -3*o = 4*r - 27, 5*o - 12 = -6*r + 3*r. Let v(d) = 68*d + 19. What is the units digit of v(r)?
1
Let n(c) = 89*c - 11. Let u(w) = -w**2 - w + 7. Let i be u(0). Let b(y) = 134*y - 17. Let d(o) = i*n(o) - 5*b(o). What is the hundreds digit of d(-4)?
1
Let c = 83 + -87. Let j be (c/7)/(-2) + (-30675)/175. Let q = 323 + j. What is the tens digit of q?
4
Suppose 0 = j - 1, 3*j = 3*k - 2 - 4. Let t = k - 79. What is the units digit of (t/(-5))/(2/20)?
2
Let v(f) be the first derivative of 448*f**2 + 139. What is the tens digit of v(1)?
9
Let t = 112 - 52. Let b be (-6)/33 - (t/33 - 2). Suppose -5*j + 775 + 265 = b. What is the units digit of j?
8
Let c be (-5)/(-5) - -5*15. Suppose -126 = -3*q + 9*q. Let t = c - q. What is the units digit of t?
7
Let j be ((-10)/(-8) - 1) + (-81)/(-12). Suppose j*w = 11*w + 32. What is the tens digit of (-1 + 83)/(w/12*-1)?
2
Suppose -2231461 - 66860 = -69*v. What is the hundreds digit of v?
3
Let o = 90 - 82. Suppose -o*b = 41 - 345. What is the units digit of b?
8
Let c = -50164 + 72883. What is the ten thousands digit of c?
2
Suppose 0 = 14*k - 19*k - y + 28, -3*y = -k - 4. Suppose 8*a = -x + k*a + 781, 3*x - 2373 = -3*a. What is the units digit of x?
6
Let a(l) = -156*l - 46. Let f be a(-3). Suppose f = h - 5*p, 4*h + 4*p - 1304 = h. What is the units digit of h?
2
Let c(f) = f**2 - 50*f + 555. Let p be c(30). Suppose 3*m + 0*m + 3 = 0, i - m + 45 = 0. Let h = p - i. What is the units digit of h?
1
Let b(a) = 39*a**2 - 47*a - 1113. What is the units digit of b(-16)?
3
Suppose 0 = d + 16*d - 240261. What is the ten thousands digit of d?
1
Let q(f) be the first derivative of -19*f**5/120 - 5*f**4/24 - 2*f**3 - 31. Let k(h) be the third derivative of q(h). What is the tens digit of k(-7)?
2
Let p = 605 - 599. Suppose 0 = p*v - 577 - 2837. What is the hundreds digit of v?
5
What is the tens digit of -9 + 96/16 + 34857?
5
Let y be 20/(-16)*1 + (-23795)/20. Let m = -739 - y. What is the hundreds digit of m?
4
Let g = 282 + -127. Let r = 232 - g. Let b = r - 57. What is the tens digit of b?
2
Let m(z) be the first derivative of -937*z**2/2 + 54*z + 303. What is the units digit of m(-2)?
8
Let b(j) be the second derivative of -j**4/6 - j**3/2 - 5*j**2 - 40*j. Let w be b(-11). What is the hundreds digit of (4*w/(-8))/(2/4)?
2
Suppose -762344 + 2617768 = 199*q - 846996. What is the hundreds digit of q?
5
Suppose 3*s + 3*w - 3 = 0, -2 = s - 5*w - 3. What is the units digit of 129 + -2 + s + (-6)/2?
5
Let d = -16381 + 25381. Suppose 18*l - 7992 - d = 0. What is the tens digit of l?
4
Suppose 155*x + 3*j = 154*x + 26845, -26869 = -x + 5*j. What is the thousands digit of x?
6
Let o = 321 + -111. Suppose -4*k + 14 = -2*k. Suppose -k*s = -4*s - o. What is the tens digit of s?
7
Let z(n) = -232*n + 75. Let l be z(-9). Let w = l + -1395. What is the hundreds digit of w?
7
Suppose -174 = -4*l - 5*u + 146, 0 = -3*l + 3*u + 213. Let m = -83 + l. Let y(q) = 2*q**2 - 2*q + 5. What is the hundreds digit of y(m)?
1
Suppose -5*t + 7*t = -1342. Let p = -256 - t. What is the hundreds digit of p?
4
Suppose 0 = -7*j - 9 + 30. Suppose -n - 24 = 3*u - 8*u, 5*n + 8 = -j*u. Suppose 4*k + 48 = 2*f, 3*k + k = u*f - 116. What is the units digit of f?
4
Suppose -7*v + 4056 = -20*v. What is the hundreds digit of 4/(-3 - -4) - (-2 + v)?
3
Let p(d) = -141*d - 96. Let w be p(-6). Suppose 3*c - 6*c = -w. What is the hundreds digit of c?
2
Let i be 3*(-6)/(-45) - 78/(-30). Suppose -3*d = -5*z - 377, 5*z - 125 = -i*d + 272. What is the hundreds digit of d?
1
Suppose 57 + 7 = -8*j. What is the hundreds digit of 40/6*(2817/18 + j)?
9
Let w = 11969 + -9470. What is the th